
-972242
In base 8, what is -3041 + 3076310?
3073247
In base 6, what is 510310 + 21145?
531455
In base 11, what is -4a + -334a35?
-334a84
In base 2, what is 1101110011100 - 10010101?
1101100000111
In base 2, what is -1001101011001 - -1011111100?
-1000001011101
In base 12, what is -70523 + 25?
-704ba
In base 14, what is -a2 - -213c80?
213bbc
In base 5, what is -1004303 - -110310?
-343443
In base 16, what is -4f59a + -8?
-4f5a2
In base 11, what is -6885a1 + 37?
-688565
In base 3, what is 1222220012220 - 1012?
1222220011201
In base 2, what is -100000000100000 + 100000000?
-11111100100000
In base 5, what is 1314023101 - 4?
1314023042
In base 13, what is 11 + -2748?
-2737
In base 13, what is -b - 46ca442?
-46ca450
In base 5, what is -13204100442 + -4?
-13204101001
In base 14, what is -d98a66d - 2?
-d98a671
In base 8, what is -26 - -124166250?
124166222
In base 16, what is -3 + -3e60bd4?
-3e60bd7
In base 12, what is -194 - -b3933?
b375b
In base 5, what is -140122 - -22333?
-112234
In base 15, what is 457dbba - -2?
457dbbc
In base 10, what is 3165623 - -10?
3165633
In base 7, what is -1223 + -52042?
-53265
In base 13, what is 10328aa - 1b?
103288c
In base 13, what is b58513 - b?
b58505
In base 16, what is -14 + -3e37d4?
-3e37e8
In base 12, what is -3a23 - 7561?
-b384
In base 5, what is 13431410332 - -1?
13431410333
In base 15, what is -24d - 90ce3?
-91041
In base 6, what is -3 + -2325510031?
-2325510034
In base 3, what is 20000112101221002 + -2?
20000112101221000
In base 6, what is 435005012504 + 4?
435005012512
In base 6, what is 3 - 214530313?
-214530310
In base 11, what is -4 + -21688699?
-216886a2
In base 10, what is -5 + -294395?
-294400
In base 13, what is -42c945 + 7?
-42c93b
In base 16, what is b - -a6cf7?
a6d02
In base 7, what is -120641 - -34550?
-53061
In base 11, what is -1 - 2544138?
-2544139
In base 3, what is 101221212121 - -110?
101221220001
In base 3, what is 101000111 - -220020011?
1021020122
In base 16, what is -101a + 1ac4?
aaa
In base 13, what is -9c7 + -23419?
-24113
In base 10, what is 3 + 240771876?
240771879
In base 13, what is 1b2ca - 1c9?
1b101
In base 11, what is -63 - 15a232?
-15a295
In base 15, what is -4e9e0 + 9a?
-4e945
In base 10, what is 2570 + -1994?
576
In base 10, what is 3 - -109094?
109097
In base 4, what is -21302320120 - 210?
-21302320330
In base 13, what is -1730a - -3c9?
-16c11
In base 13, what is -746a + 3c82?
-34b8
In base 8, what is 2 + -4444143?
-4444141
In base 4, what is -31 + 1120011223?
1120011132
In base 11, what is 4 - 1091270?
-1091267
In base 4, what is 10301 + -131233020?
-131222113
In base 6, what is -1115 + -25345?
-30504
In base 11, what is -a5 - 1969?
-1a63
In base 9, what is 12 + -27865217?
-27865205
In base 9, what is -22658 - -7657?
-14001
In base 2, what is -110 - -10111010011101001011100?
10111010011101001010110
In base 11, what is 1a3 - 86822?
-8662a
In base 9, what is -4 - 467313?
-467317
In base 16, what is 5 - -26844?
26849
In base 2, what is 111011101100001111010100110010 + 11?
111011101100001111010100110101
In base 3, what is 12220111120200 + 210?
12220111121110
In base 14, what is 1c9 + -602c31?
-602a46
In base 15, what is 81b7215 + -2?
81b7213
In base 16, what is -277 - -a969?
a6f2
In base 16, what is c0 + c7c1?
c881
In base 3, what is -112200001110 + 112?
-112200000221
In base 14, what is -8 - 724d079?
-724d083
In base 15, what is -2 + -624bc35?
-624bc37
In base 11, what is -980 - -58a4?
4a24
In base 2, what is -10100111110010 + -100110101110001000?
-101001010101111010
In base 2, what is 10111110110100101 + -1100101100001?
10110010001000100
In base 4, what is 1032223321113221 + -11?
1032223321113210
In base 9, what is -47 + -5051255?
-5051313
In base 16, what is 7ac8c7 - 27?
7ac8a0
In base 2, what is -101 + 11101010101000000111101100?
11101010101000000111100111
In base 7, what is -2535124 - -45?
-2535046
In base 11, what is -33692929 - -2?
-33692927
In base 9, what is -44 + -724286?
-724341
In base 2, what is -1000010 + 1010000100101100?
1010000011101010
In base 16, what is 2f + 2f2ef?
2f31e
In base 10, what is -534238251 + 0?
-534238251
In base 11, what is 17116 + -49?
17078
In base 14, what is 60333 + 112?
60445
In base 7, what is -401463646 + -12?
-401463661
In base 3, what is 122021121110110 + 2?
122021121110112
In base 9, what is -1015 + -35538?
-36554
In base 13, what is -5c672 + 31?
-5c641
In base 13, what is -226b06c + 4?
-226b068
In base 6, what is -510523140 + -4?
-510523144
In base 15, what is -a718 + -107?
-a820
In base 6, what is 440353 - -235143?
1115540
In base 2, what is -1 + 1001100100001011110000110?
1001100100001011110000101
In base 8, what is -2375220 - -2?
-2375216
In base 6, what is -33502 - -1155?
-32303
In base 10, what is 415 - 31031?
-30616
In base 7, what is 63 - 423305?
-423212
In base 11, what is 0 + -13492502?
-13492502
In base 14, what is 64563 + 11c?
64681
In base 12, what is -153b450 + -6?
-153b456
In base 11, what is 548501 + 3?
548504
In base 15, what is 5416 + -168?
529d
In base 2, what is 101 - -1000010011010001001?
1000010011010001110
In base 10, what is -1063 + 33822?
32759
In base 11, what is -24 + 5537325?
5537301
In base 5, what is -3121031 + -14041?
-3140122
In base 3, what is 2211000 + -2012210?
121020
In base 9, what is -1281662 + 100?
-1281562
In base 14, what is -77 - -2a99b?
2a924
In base 7, what is -246001223 + 1?
-246001222
In base 15, what is -38 + -38d31?
-38d69
In base 12, what is -1 - -5260067?
5260066
In base 10, what is 15927 + -1002?
14925
In base 15, what is 6828 - -d06?
762e
In base 9, what is -84363706 + -22?
-84363728
In base 2, what is -10101101 - -11111110011010000?
11111110000100011
In base 11, what is 5 + 747242?
747247
In base 5, what is -131443302 + -11121?
-132004423
In base 8, what is -13015 - -24244?
11227
In base 3, what is -120000120 + 11012200?
-101210220
In base 7, what is 1246 - -1324204?
1325453
In base 7, what is -2426 - -105324?
102565
In base 8, what is -14470 + 1013?
-13455
In base 2, what is 100 + 11110011110001011101000010?
11110011110001011101000110
In base 10, what is -316945 + -93?
-317038
In base 7, what is 3 + -41651063?
-41651060
In base 7, what is 103634 - -2430?
106364
In base 16, what is -1603999 + -1c?
-16039b5
In base 9, what is 557 - 284136?
-283468
In base 2, what is -1 + 10001010100010111001000110?
10001010100010111001000101
In base 14, what is 13 - -334b93?
334ba6
In base 3, what is 101122021120 - 201020?
101121120100
In base 9, what is 2448187 - -17?
2448215
In base 7, what is 112260 - -35?
112325
In base 2, what is 1000 + -10110110001011000100?
-10110110001010111100
In base 4, what is 11 - 320211222000?
-320211221323
In base 12, what is 149976b40 + 3?
149976b43
In base 5, what is 0 + 14130440330?
14130440330
In base 6, what is 24 - 13351540?
-13351512
In base 13, what is -12 - 4472c?
-44741
In base 3, what is 12 - 112202122020112?
-112202122020100
In base 11, what is -4 + 117671a?
1176716
In base 12, what is -a042a07 + 2?
-a042a05
In base 12, what is 4 - -3b73549?
3b73551
In base 8, what is -33 - 10261071?
-10261124
In base 11, what is 42 - 596383?
-596341
In base 3, what is 0 - 112200202021222?
-112200202021222
In base 6, what is 5422112 + -34?
5422034
In base 9, what is -1308620 + 105?
-1308514
In base 16, what is -aa3970 - 4?
-aa3974
In base 4, what is 22323010 + -2002?
22321002
In base 11, what is -12 - -604681a?
6046808
In base 11, what is -32a + -183526?
-183855
In base 6, what is 5 - 432154552?
-432154543
In base 9, what is 10 - 510240?
-510230
In base 13, what is -2653aca - 3?
-2653b00
In base 7, what is -2450063 - 105?
-2450201
In base 10, what is -4 + -37994751?
-37994755
In base 11, what is 2782533 - -23?
2782556
In base 14, what is d127a - -4?
d1280
In base 10, what is 269653594 - 2?
269653592
In base 16, what is 736a6 + e?
736b4
In base 8, what is -23316107 + -23?
-23316132
In base 11, what is 581 - 8aa1?
-8520
In base 11, what is 4067 + 769?
4825
In base 8, what is 2127363 - -15?
2127400
In base 13, what is 172 + -22641?
-2249c
In base 9, what is -180 + 333422?
333232
In base 4, what is 33202 - -23310300?
30010102
In base 4, what is 2311 + 1112300?
1121211
In base 9, what is -3 - 2253428?
-2253432
In base 4, what is -2103221302003 - -3?
-2103221302000
In base 2,